{"id":160,"date":"2016-04-05T17:50:52","date_gmt":"2016-04-05T17:50:52","guid":{"rendered":"http:\/\/popchamber.com.ar\/wp\/?page_id=160"},"modified":"2025-04-29T19:12:23","modified_gmt":"2025-04-29T19:12:23","slug":"authorities","status":"publish","type":"page","link":"https:\/\/popchamber.com.ar\/?page_id=160&lang=en","title":{"rendered":"Authorities"},"content":{"rendered":"<p><strong>Board of Directors<\/strong><\/p>\n<ul>\n<li>President: Jos\u00e9 E. Maranessi<\/li>\n<li>Vice-President: Sergio Casas<\/li>\n<li>Secretary: Felipe Uranga<\/li>\n<li>Treasurer: Carlos Tovagliari<\/li>\n<li>Vocal Owner: Germ\u00e1n Longobardi<\/li>\n<li>Alternate Vocal: Emanuel Marchionni<\/li>\n<li>Statutory Auditor: Agust\u00edn Pereda<\/li>\n<li>Alternate Auditor: Esteban Martin<\/li>\n<\/ul>\n","protected":false},"excerpt":{"rendered":"<p>Board of Directors President: Jos\u00e9 E. Maranessi Vice-President: Sergio Casas Secretary: Felipe Uranga Treasurer: Carlos Tovagliari Vocal Owner: Germ\u00e1n Longobardi Alternate Vocal: Emanuel Marchionni Statutory Auditor: Agust\u00edn Pereda Alternate Auditor: Esteban Martin<\/p>\n","protected":false},"author":1,"featured_media":0,"parent":158,"menu_order":0,"comment_status":"closed","ping_status":"closed","template":"","meta":{"jetpack_post_was_ever_published":false,"footnotes":"","_links_to":"","_links_to_target":""},"class_list":["post-160","page","type-page","status-publish","hentry"],"jetpack_sharing_enabled":true,"jetpack_shortlink":"https:\/\/wp.me\/P7gBCh-2A","_links":{"self":[{"href":"https:\/\/popchamber.com.ar\/index.php?rest_route=\/wp\/v2\/pages\/160","targetHints":{"allow":["GET"]}}],"collection":[{"href":"https:\/\/popchamber.com.ar\/index.php?rest_route=\/wp\/v2\/pages"}],"about":[{"href":"https:\/\/popchamber.com.ar\/index.php?rest_route=\/wp\/v2\/types\/page"}],"author":[{"embeddable":true,"href":"https:\/\/popchamber.com.ar\/index.php?rest_route=\/wp\/v2\/users\/1"}],"replies":[{"embeddable":true,"href":"https:\/\/popchamber.com.ar\/index.php?rest_route=%2Fwp%2Fv2%2Fcomments&post=160"}],"version-history":[{"count":10,"href":"https:\/\/popchamber.com.ar\/index.php?rest_route=\/wp\/v2\/pages\/160\/revisions"}],"predecessor-version":[{"id":15752,"href":"https:\/\/popchamber.com.ar\/index.php?rest_route=\/wp\/v2\/pages\/160\/revisions\/15752"}],"up":[{"embeddable":true,"href":"https:\/\/popchamber.com.ar\/index.php?rest_route=\/wp\/v2\/pages\/158"}],"wp:attachment":[{"href":"https:\/\/popchamber.com.ar\/index.php?rest_route=%2Fwp%2Fv2%2Fmedia&parent=160"}],"curies":[{"name":"wp","href":"https:\/\/api.w.org\/{rel}","templated":true}]}}